{"id":476,"date":"2022-04-23T18:13:07","date_gmt":"2022-04-23T18:13:07","guid":{"rendered":"https:\/\/privacyconsulting.es\/?page_id=476"},"modified":"2022-04-23T18:15:30","modified_gmt":"2022-04-23T18:15:30","slug":"somos-especialistasen-proteccion-de-datos","status":"publish","type":"page","link":"https:\/\/privacyconsulting.es\/","title":{"rendered":"Somos especialistas<br>en Protecci\u00f3n de Datos"},"content":{"rendered":"\n<figure class=\"wp-block-image size-large is-resized\"><img loading=\"lazy\" decoding=\"async\" src=\"https:\/\/privacyconsulting.es\/wp-content\/uploads\/2022\/04\/Anadir-un-titulo-1024x666.png\" alt=\"\" class=\"wp-image-477\" width=\"881\" height=\"573\" srcset=\"https:\/\/privacyconsulting.es\/wp-content\/uploads\/2022\/04\/Anadir-un-titulo-1024x666.png 1024w, https:\/\/privacyconsulting.es\/wp-content\/uploads\/2022\/04\/Anadir-un-titulo-300x195.png 300w, https:\/\/privacyconsulting.es\/wp-content\/uploads\/2022\/04\/Anadir-un-titulo-768x499.png 768w, https:\/\/privacyconsulting.es\/wp-content\/uploads\/2022\/04\/Anadir-un-titulo-1536x998.png 1536w, https:\/\/privacyconsulting.es\/wp-content\/uploads\/2022\/04\/Anadir-un-titulo-2048x1331.png 2048w, https:\/\/privacyconsulting.es\/wp-content\/uploads\/2022\/04\/Anadir-un-titulo-600x390.png 600w, https:\/\/privacyconsulting.es\/wp-content\/uploads\/2022\/04\/Anadir-un-titulo-246x160.png 246w\" sizes=\"auto, (max-width: 881px) 100vw, 881px\" \/><figcaption>Cualquier entidad (empresa, aut\u00f3nomo, comunidad de propietarios, organismo p\u00fablico, etc.) que trate datos de car\u00e1cter personal tiene la obligaci\u00f3n de cumplir con el\u00a0<strong>Reglamento (UE) 2016\/679 del Parlamento Europeo y del Consejo<\/strong>\u00a0de 27 de abril de 2016 (RGPD) y la\u00a0<strong>Ley Org\u00e1nica de Protecci\u00f3n de Datos Personales y Garant\u00eda de los Derechos Digitales<\/strong>\u00a0de 5 de diciembre de 2018 (LOPD-GDD).<br><br>Adem\u00e1s, los negocios on-line deben cumplir con la\u00a0<strong>Ley de Servicios de la Sociedad de la Informaci\u00f3n y de Comercio Electr\u00f3nico<\/strong>\u00a0de 11 de julio de 2002 (LSSI-CE).<\/figcaption><\/figure>\n\n\n\n<figure class=\"wp-block-pullquote\"><blockquote><p>Ayudamos a cumplir la normativa con todas las garant\u00edas y sin preocupaciones<\/p><p>Evaluamos las necesidades de su empresa a nivel de cumplimento normativo y nos adaptamos a usted para ofrecerle un servicio a medida de calidad y a precios muy competitivos.<\/p><p>Sabemos que la<strong>&nbsp;\u00e9tica<\/strong>, la&nbsp;<strong>profesionalidad<\/strong>, la&nbsp;<strong>seriedad<\/strong>&nbsp;y la&nbsp;<strong>calidad<\/strong>&nbsp;del servicio son la mejor garant\u00eda de futuro para una consultor\u00eda, por lo que trabajamos por vocaci\u00f3n, aportando valor a\u00f1adido a nuestros clientes, ayud\u00e1ndoles a solucionar problemas, facilit\u00e1ndoles el d\u00eda a d\u00eda y mejorando su competitividad<\/p><\/blockquote><\/figure>\n\n\n\n<div class=\"wp-block-buttons is-layout-flex wp-block-buttons-is-layout-flex\"><\/div>\n\n\n\n<div class=\"wp-block-group is-layout-flow wp-block-group-is-layout-flow\">\n<div class=\"wp-block-columns is-layout-flex wp-container-core-columns-is-layout-28f84493 wp-block-columns-is-layout-flex\">\n<div class=\"wp-block-column is-layout-flow wp-block-column-is-layout-flow\"><\/div>\n\n\n\n<div class=\"wp-block-column is-layout-flow wp-block-column-is-layout-flow\"><\/div>\n<\/div>\n<\/div>\n\n\n\n<div class=\"wp-block-columns is-layout-flex wp-container-core-columns-is-layout-28f84493 wp-block-columns-is-layout-flex\">\n<div class=\"wp-block-column is-layout-flow wp-block-column-is-layout-flow\"><\/div>\n\n\n\n<div class=\"wp-block-column is-layout-flow wp-block-column-is-layout-flow\"><\/div>\n<\/div>\n","protected":false},"excerpt":{"rendered":"<p>Ayudamos a cumplir la normativa con todas las garant\u00edas y sin preocupaciones Evaluamos las necesidades de su empresa a nivel de cumplimento normativo y nos adaptamos a usted para ofrecerle un servicio a medida de calidad y a precios muy competitivos. Sabemos que la&nbsp;\u00e9tica, la&nbsp;profesionalidad, la&nbsp;seriedad&nbsp;y la&nbsp;calidad&nbsp;del servicio son la mejor garant\u00eda de futuro para [&hellip;]<\/p>\n","protected":false},"author":1,"featured_media":0,"parent":0,"menu_order":0,"comment_status":"closed","ping_status":"closed","template":"","meta":{"footnotes":""},"class_list":["post-476","page","type-page","status-publish","hentry"],"_links":{"self":[{"href":"https:\/\/privacyconsulting.es\/index.php?rest_route=\/wp\/v2\/pages\/476","targetHints":{"allow":["GET"]}}],"collection":[{"href":"https:\/\/privacyconsulting.es\/index.php?rest_route=\/wp\/v2\/pages"}],"about":[{"href":"https:\/\/privacyconsulting.es\/index.php?rest_route=\/wp\/v2\/types\/page"}],"author":[{"embeddable":true,"href":"https:\/\/privacyconsulting.es\/index.php?rest_route=\/wp\/v2\/users\/1"}],"replies":[{"embeddable":true,"href":"https:\/\/privacyconsulting.es\/index.php?rest_route=%2Fwp%2Fv2%2Fcomments&post=476"}],"version-history":[{"count":3,"href":"https:\/\/privacyconsulting.es\/index.php?rest_route=\/wp\/v2\/pages\/476\/revisions"}],"predecessor-version":[{"id":481,"href":"https:\/\/privacyconsulting.es\/index.php?rest_route=\/wp\/v2\/pages\/476\/revisions\/481"}],"wp:attachment":[{"href":"https:\/\/privacyconsulting.es\/index.php?rest_route=%2Fwp%2Fv2%2Fmedia&parent=476"}],"curies":[{"name":"wp","href":"https:\/\/api.w.org\/{rel}","templated":true}]}}